{"id":15769,"date":"2022-09-13T18:42:33","date_gmt":"2022-09-13T16:42:33","guid":{"rendered":"http:\/\/www.rosanerosiamonoi.it\/palermocalcio\/wp-content\/uploads\/2022\/09\/Ale\u0161-Mat\u011bj\u016f-Palermo-FC-10-1.jpg"},"modified":"2022-09-13T18:42:33","modified_gmt":"2022-09-13T16:42:33","slug":"ales-mateju-palermo-fc-10-2","status":"inherit","type":"attachment","link":"http:\/\/www.rosanerosiamonoi.it\/palermocalcio\/2022\/09\/13\/conferenza-stampa-ales-mateju-video\/ales-mateju-palermo-fc-10-2\/","title":{"rendered":"Ale\u0161 Mat\u011bj\u016f Palermo FC (10)"},"author":2,"comment_status":"closed","ping_status":"closed","template":"","meta":[],"description":{"rendered":"<p class=\"attachment\"><a href='http:\/\/www.rosanerosiamonoi.it\/palermocalcio\/wp-content\/uploads\/2022\/09\/Ale\u0161-Mat\u011bj\u016f-Palermo-FC-10-1.jpg'><img width=\"390\" height=\"520\" src=\"http:\/\/www.rosanerosiamonoi.it\/palermocalcio\/wp-content\/uploads\/2022\/09\/Ale\u0161-Mat\u011bj\u016f-Palermo-FC-10-1-390x520.jpg\" class=\"attachment-medium size-medium\" alt=\"\" decoding=\"async\" loading=\"lazy\" srcset=\"http:\/\/www.rosanerosiamonoi.it\/palermocalcio\/wp-content\/uploads\/2022\/09\/Ale\u0161-Mat\u011bj\u016f-Palermo-FC-10-1-390x520.jpg 390w, http:\/\/www.rosanerosiamonoi.it\/palermocalcio\/wp-content\/uploads\/2022\/09\/Ale\u0161-Mat\u011bj\u016f-Palermo-FC-10-1-640x853.jpg 640w, http:\/\/www.rosanerosiamonoi.it\/palermocalcio\/wp-content\/uploads\/2022\/09\/Ale\u0161-Mat\u011bj\u016f-Palermo-FC-10-1.jpg 720w\" sizes=\"(max-width: 390px) 100vw, 390px\" \/><\/a><\/p>\n"},"caption":{"rendered":""},"alt_text":"","media_type":"image","mime_type":"image\/jpeg","media_details":{"width":720,"height":960,"file":"2022\/09\/Ale\u0161-Mat\u011bj\u016f-Palermo-FC-10-1.jpg","sizes":{"thumbnail":{"file":"Ale\u0161-Mat\u011bj\u016f-Palermo-FC-10-1-150x150.jpg","width":150,"height":150,"mime_type":"image\/jpeg","source_url":"http:\/\/www.rosanerosiamonoi.it\/palermocalcio\/wp-content\/uploads\/2022\/09\/Ale\u0161-Mat\u011bj\u016f-Palermo-FC-10-1-150x150.jpg"},"medium":{"file":"Ale\u0161-Mat\u011bj\u016f-Palermo-FC-10-1-390x520.jpg","width":390,"height":520,"mime_type":"image\/jpeg","source_url":"http:\/\/www.rosanerosiamonoi.it\/palermocalcio\/wp-content\/uploads\/2022\/09\/Ale\u0161-Mat\u011bj\u016f-Palermo-FC-10-1-390x520.jpg"},"maxgallery-meta-image-thumb-small":{"file":"Ale\u0161-Mat\u011bj\u016f-Palermo-FC-10-1-100x100.jpg","width":100,"height":100,"mime_type":"image\/jpeg","source_url":"http:\/\/www.rosanerosiamonoi.it\/palermocalcio\/wp-content\/uploads\/2022\/09\/Ale\u0161-Mat\u011bj\u016f-Palermo-FC-10-1-100x100.jpg"},"maxgallery-meta-image-thumb-medium":{"file":"Ale\u0161-Mat\u011bj\u016f-Palermo-FC-10-1-150x150.jpg","width":150,"height":150,"mime_type":"image\/jpeg","source_url":"http:\/\/www.rosanerosiamonoi.it\/palermocalcio\/wp-content\/uploads\/2022\/09\/Ale\u0161-Mat\u011bj\u016f-Palermo-FC-10-1-150x150.jpg"},"maxgallery-meta-image-thumb-large":{"file":"Ale\u0161-Mat\u011bj\u016f-Palermo-FC-10-1-200x200.jpg","width":200,"height":200,"mime_type":"image\/jpeg","source_url":"http:\/\/www.rosanerosiamonoi.it\/palermocalcio\/wp-content\/uploads\/2022\/09\/Ale\u0161-Mat\u011bj\u016f-Palermo-FC-10-1-200x200.jpg"},"maxgallery-meta-video-thumb-small":{"file":"Ale\u0161-Mat\u011bj\u016f-Palermo-FC-10-1-150x100.jpg","width":150,"height":100,"mime_type":"image\/jpeg","source_url":"http:\/\/www.rosanerosiamonoi.it\/palermocalcio\/wp-content\/uploads\/2022\/09\/Ale\u0161-Mat\u011bj\u016f-Palermo-FC-10-1-150x100.jpg"},"maxgallery-meta-video-thumb-medium":{"file":"Ale\u0161-Mat\u011bj\u016f-Palermo-FC-10-1-200x133.jpg","width":200,"height":133,"mime_type":"image\/jpeg","source_url":"http:\/\/www.rosanerosiamonoi.it\/palermocalcio\/wp-content\/uploads\/2022\/09\/Ale\u0161-Mat\u011bj\u016f-Palermo-FC-10-1-200x133.jpg"},"maxgallery-meta-video-thumb-large":{"file":"Ale\u0161-Mat\u011bj\u016f-Palermo-FC-10-1-250x166.jpg","width":250,"height":166,"mime_type":"image\/jpeg","source_url":"http:\/\/www.rosanerosiamonoi.it\/palermocalcio\/wp-content\/uploads\/2022\/09\/Ale\u0161-Mat\u011bj\u016f-Palermo-FC-10-1-250x166.jpg"},"post-thumbnail":{"file":"Ale\u0161-Mat\u011bj\u016f-Palermo-FC-10-1-50x50.jpg","width":50,"height":50,"mime_type":"image\/jpeg","source_url":"http:\/\/www.rosanerosiamonoi.it\/palermocalcio\/wp-content\/uploads\/2022\/09\/Ale\u0161-Mat\u011bj\u016f-Palermo-FC-10-1-50x50.jpg"},"shareaholic-thumbnail":{"file":"Ale\u0161-Mat\u011bj\u016f-Palermo-FC-10-1-640x853.jpg","width":640,"height":853,"mime_type":"image\/jpeg","source_url":"http:\/\/www.rosanerosiamonoi.it\/palermocalcio\/wp-content\/uploads\/2022\/09\/Ale\u0161-Mat\u011bj\u016f-Palermo-FC-10-1-640x853.jpg"},"wptouch-new-thumbnail":{"file":"Ale\u0161-Mat\u011bj\u016f-Palermo-FC-10-1-144x144.jpg","width":144,"height":144,"mime_type":"image\/jpeg","source_url":"http:\/\/www.rosanerosiamonoi.it\/palermocalcio\/wp-content\/uploads\/2022\/09\/Ale\u0161-Mat\u011bj\u016f-Palermo-FC-10-1-144x144.jpg"},"full":{"file":"Ale\u0161-Mat\u011bj\u016f-Palermo-FC-10-1.jpg","width":720,"height":960,"mime_type":"image\/jpeg","source_url":"http:\/\/www.rosanerosiamonoi.it\/palermocalcio\/wp-content\/uploads\/2022\/09\/Ale\u0161-Mat\u011bj\u016f-Palermo-FC-10-1.jpg"}},"image_meta":{"aperture":"0","credit":"","camera":"","caption":"","created_timestamp":"0","copyright":"","focal_length":"0","iso":"0","shutter_speed":"0","title":"","orientation":"0","keywords":[]}},"post":15750,"source_url":"http:\/\/www.rosanerosiamonoi.it\/palermocalcio\/wp-content\/uploads\/2022\/09\/Ale\u0161-Mat\u011bj\u016f-Palermo-FC-10-1.jpg","_links":{"self":[{"href":"http:\/\/www.rosanerosiamonoi.it\/palermocalcio\/wp-json\/wp\/v2\/media\/15769"}],"collection":[{"href":"http:\/\/www.rosanerosiamonoi.it\/palermocalcio\/wp-json\/wp\/v2\/media"}],"about":[{"href":"http:\/\/www.rosanerosiamonoi.it\/palermocalcio\/wp-json\/wp\/v2\/types\/attachment"}],"author":[{"embeddable":true,"href":"http:\/\/www.rosanerosiamonoi.it\/palermocalcio\/wp-json\/wp\/v2\/users\/2"}],"replies":[{"embeddable":true,"href":"http:\/\/www.rosanerosiamonoi.it\/palermocalcio\/wp-json\/wp\/v2\/comments?post=15769"}]}}

http://www.rosanerosiamonoi.it/palermocalcio/wp-content/uploads/2022/09/Aleš-Matějů-Palermo-FC-10-1.jpg

Aleš Matějů Palermo FC (10)

<p class="attachment"><a href='http://www.rosanerosiamonoi.it/palermocalcio/wp-content/uploads/2022/09/Aleš-Matějů-Palermo-FC-10-1.jpg'><img width="390" height="520" src="http://www.rosanerosiamonoi.it/palermocalcio/wp-content/uploads/2022/09/Aleš-Matějů-Palermo-FC-10-1-390x520.jpg" class="attachment-medium size-medium" alt="" decoding="async" loading="lazy" srcset="http://www.rosanerosiamonoi.it/palermocalcio/wp-content/uploads/2022/09/Aleš-Matějů-Palermo-FC-10-1-390x520.jpg 390w, http://www.rosanerosiamonoi.it/palermocalcio/wp-content/uploads/2022/09/Aleš-Matějů-Palermo-FC-10-1-640x853.jpg 640w, http://www.rosanerosiamonoi.it/palermocalcio/wp-content/uploads/2022/09/Aleš-Matějů-Palermo-FC-10-1.jpg 720w" sizes="(max-width: 390px) 100vw, 390px" /></a></p>

2022/09/Aleš-Matějů-Palermo-FC-10-1.jpg

Aleš-Matějů-Palermo-FC-10-1-150x150.jpg

http://www.rosanerosiamonoi.it/palermocalcio/wp-content/uploads/2022/09/Aleš-Matějů-Palermo-FC-10-1-150x150.jpg

Aleš-Matějů-Palermo-FC-10-1-390x520.jpg

http://www.rosanerosiamonoi.it/palermocalcio/wp-content/uploads/2022/09/Aleš-Matějů-Palermo-FC-10-1-390x520.jpg

Aleš-Matějů-Palermo-FC-10-1-100x100.jpg

http://www.rosanerosiamonoi.it/palermocalcio/wp-content/uploads/2022/09/Aleš-Matějů-Palermo-FC-10-1-100x100.jpg

Aleš-Matějů-Palermo-FC-10-1-200x200.jpg

http://www.rosanerosiamonoi.it/palermocalcio/wp-content/uploads/2022/09/Aleš-Matějů-Palermo-FC-10-1-200x200.jpg

Aleš-Matějů-Palermo-FC-10-1-150x100.jpg

http://www.rosanerosiamonoi.it/palermocalcio/wp-content/uploads/2022/09/Aleš-Matějů-Palermo-FC-10-1-150x100.jpg

Aleš-Matějů-Palermo-FC-10-1-200x133.jpg

http://www.rosanerosiamonoi.it/palermocalcio/wp-content/uploads/2022/09/Aleš-Matějů-Palermo-FC-10-1-200x133.jpg

Aleš-Matějů-Palermo-FC-10-1-250x166.jpg

http://www.rosanerosiamonoi.it/palermocalcio/wp-content/uploads/2022/09/Aleš-Matějů-Palermo-FC-10-1-250x166.jpg

Aleš-Matějů-Palermo-FC-10-1-50x50.jpg

http://www.rosanerosiamonoi.it/palermocalcio/wp-content/uploads/2022/09/Aleš-Matějů-Palermo-FC-10-1-50x50.jpg

Aleš-Matějů-Palermo-FC-10-1-640x853.jpg

http://www.rosanerosiamonoi.it/palermocalcio/wp-content/uploads/2022/09/Aleš-Matějů-Palermo-FC-10-1-640x853.jpg

Aleš-Matějů-Palermo-FC-10-1-144x144.jpg

http://www.rosanerosiamonoi.it/palermocalcio/wp-content/uploads/2022/09/Aleš-Matějů-Palermo-FC-10-1-144x144.jpg

Aleš-Matějů-Palermo-FC-10-1.jpg
