{"id":8095,"date":"2018-01-02T20:34:59","date_gmt":"2018-01-02T19:34:59","guid":{"rendered":"http:\/\/www.rosanerosiamonoi.it\/palermocalcio\/wp-content\/uploads\/2018\/01\/Mostra-Mad\u00e8-2017-Nativit\u00e0.jpg"},"modified":"2018-01-02T20:34:59","modified_gmt":"2018-01-02T19:34:59","slug":"mostra-made-2017-nativita","status":"inherit","type":"attachment","link":"http:\/\/www.rosanerosiamonoi.it\/palermocalcio\/2018\/01\/02\/made-nativity-inaugurazione-mostra-allo-steri-video\/mostra-made-2017-nativita\/","title":{"rendered":"mostra-made-2017-nativita"},"author":2,"comment_status":"closed","ping_status":"closed","template":"","meta":[],"description":{"rendered":"<p class=\"attachment\"><a href='http:\/\/www.rosanerosiamonoi.it\/palermocalcio\/wp-content\/uploads\/2018\/01\/Mostra-Mad\u00e8-2017-Nativit\u00e0.jpg'><img width=\"348\" height=\"520\" src=\"http:\/\/www.rosanerosiamonoi.it\/palermocalcio\/wp-content\/uploads\/2018\/01\/Mostra-Mad\u00e8-2017-Nativit\u00e0-348x520.jpg\" class=\"attachment-medium size-medium\" alt=\"\" decoding=\"async\" loading=\"lazy\" srcset=\"http:\/\/www.rosanerosiamonoi.it\/palermocalcio\/wp-content\/uploads\/2018\/01\/Mostra-Mad\u00e8-2017-Nativit\u00e0-348x520.jpg 348w, http:\/\/www.rosanerosiamonoi.it\/palermocalcio\/wp-content\/uploads\/2018\/01\/Mostra-Mad\u00e8-2017-Nativit\u00e0-686x1024.jpg 686w, http:\/\/www.rosanerosiamonoi.it\/palermocalcio\/wp-content\/uploads\/2018\/01\/Mostra-Mad\u00e8-2017-Nativit\u00e0-300x448.jpg 300w, http:\/\/www.rosanerosiamonoi.it\/palermocalcio\/wp-content\/uploads\/2018\/01\/Mostra-Mad\u00e8-2017-Nativit\u00e0.jpg 721w\" sizes=\"(max-width: 348px) 100vw, 348px\" \/><\/a><\/p>\n"},"caption":{"rendered":""},"alt_text":"","media_type":"image","mime_type":"image\/jpeg","media_details":{"width":721,"height":1076,"file":"2018\/01\/Mostra-Mad\u00e8-2017-Nativit\u00e0.jpg","sizes":{"thumbnail":{"file":"Mostra-Mad\u00e8-2017-Nativit\u00e0-150x150.jpg","width":150,"height":150,"mime_type":"image\/jpeg","source_url":"http:\/\/www.rosanerosiamonoi.it\/palermocalcio\/wp-content\/uploads\/2018\/01\/Mostra-Mad\u00e8-2017-Nativit\u00e0-150x150.jpg"},"medium":{"file":"Mostra-Mad\u00e8-2017-Nativit\u00e0-348x520.jpg","width":348,"height":520,"mime_type":"image\/jpeg","source_url":"http:\/\/www.rosanerosiamonoi.it\/palermocalcio\/wp-content\/uploads\/2018\/01\/Mostra-Mad\u00e8-2017-Nativit\u00e0-348x520.jpg"},"large":{"file":"Mostra-Mad\u00e8-2017-Nativit\u00e0-686x1024.jpg","width":686,"height":1024,"mime_type":"image\/jpeg","source_url":"http:\/\/www.rosanerosiamonoi.it\/palermocalcio\/wp-content\/uploads\/2018\/01\/Mostra-Mad\u00e8-2017-Nativit\u00e0-686x1024.jpg"},"maxgallery-meta-image-thumb-small":{"file":"Mostra-Mad\u00e8-2017-Nativit\u00e0-100x100.jpg","width":100,"height":100,"mime_type":"image\/jpeg","source_url":"http:\/\/www.rosanerosiamonoi.it\/palermocalcio\/wp-content\/uploads\/2018\/01\/Mostra-Mad\u00e8-2017-Nativit\u00e0-100x100.jpg"},"maxgallery-meta-image-thumb-medium":{"file":"Mostra-Mad\u00e8-2017-Nativit\u00e0-150x150.jpg","width":150,"height":150,"mime_type":"image\/jpeg","source_url":"http:\/\/www.rosanerosiamonoi.it\/palermocalcio\/wp-content\/uploads\/2018\/01\/Mostra-Mad\u00e8-2017-Nativit\u00e0-150x150.jpg"},"maxgallery-meta-image-thumb-large":{"file":"Mostra-Mad\u00e8-2017-Nativit\u00e0-200x200.jpg","width":200,"height":200,"mime_type":"image\/jpeg","source_url":"http:\/\/www.rosanerosiamonoi.it\/palermocalcio\/wp-content\/uploads\/2018\/01\/Mostra-Mad\u00e8-2017-Nativit\u00e0-200x200.jpg"},"maxgallery-meta-video-thumb-small":{"file":"Mostra-Mad\u00e8-2017-Nativit\u00e0-150x100.jpg","width":150,"height":100,"mime_type":"image\/jpeg","source_url":"http:\/\/www.rosanerosiamonoi.it\/palermocalcio\/wp-content\/uploads\/2018\/01\/Mostra-Mad\u00e8-2017-Nativit\u00e0-150x100.jpg"},"maxgallery-meta-video-thumb-medium":{"file":"Mostra-Mad\u00e8-2017-Nativit\u00e0-200x133.jpg","width":200,"height":133,"mime_type":"image\/jpeg","source_url":"http:\/\/www.rosanerosiamonoi.it\/palermocalcio\/wp-content\/uploads\/2018\/01\/Mostra-Mad\u00e8-2017-Nativit\u00e0-200x133.jpg"},"maxgallery-meta-video-thumb-large":{"file":"Mostra-Mad\u00e8-2017-Nativit\u00e0-250x166.jpg","width":250,"height":166,"mime_type":"image\/jpeg","source_url":"http:\/\/www.rosanerosiamonoi.it\/palermocalcio\/wp-content\/uploads\/2018\/01\/Mostra-Mad\u00e8-2017-Nativit\u00e0-250x166.jpg"},"post-thumbnail":{"file":"Mostra-Mad\u00e8-2017-Nativit\u00e0-50x50.jpg","width":50,"height":50,"mime_type":"image\/jpeg","source_url":"http:\/\/www.rosanerosiamonoi.it\/palermocalcio\/wp-content\/uploads\/2018\/01\/Mostra-Mad\u00e8-2017-Nativit\u00e0-50x50.jpg"},"shareaholic-thumbnail":{"file":"Mostra-Mad\u00e8-2017-Nativit\u00e0-300x448.jpg","width":300,"height":448,"mime_type":"image\/jpeg","source_url":"http:\/\/www.rosanerosiamonoi.it\/palermocalcio\/wp-content\/uploads\/2018\/01\/Mostra-Mad\u00e8-2017-Nativit\u00e0-300x448.jpg"},"wptouch-new-thumbnail":{"file":"Mostra-Mad\u00e8-2017-Nativit\u00e0-144x144.jpg","width":144,"height":144,"mime_type":"image\/jpeg","source_url":"http:\/\/www.rosanerosiamonoi.it\/palermocalcio\/wp-content\/uploads\/2018\/01\/Mostra-Mad\u00e8-2017-Nativit\u00e0-144x144.jpg"},"full":{"file":"Mostra-Mad\u00e8-2017-Nativit\u00e0.jpg","width":721,"height":1076,"mime_type":"image\/jpeg","source_url":"http:\/\/www.rosanerosiamonoi.it\/palermocalcio\/wp-content\/uploads\/2018\/01\/Mostra-Mad\u00e8-2017-Nativit\u00e0.jpg"}},"image_meta":{"aperture":"0","credit":"","camera":"","caption":"","created_timestamp":"0","copyright":"","focal_length":"0","iso":"0","shutter_speed":"0","title":"","orientation":"0","keywords":[]}},"post":8092,"source_url":"http:\/\/www.rosanerosiamonoi.it\/palermocalcio\/wp-content\/uploads\/2018\/01\/Mostra-Mad\u00e8-2017-Nativit\u00e0.jpg","_links":{"self":[{"href":"http:\/\/www.rosanerosiamonoi.it\/palermocalcio\/wp-json\/wp\/v2\/media\/8095"}],"collection":[{"href":"http:\/\/www.rosanerosiamonoi.it\/palermocalcio\/wp-json\/wp\/v2\/media"}],"about":[{"href":"http:\/\/www.rosanerosiamonoi.it\/palermocalcio\/wp-json\/wp\/v2\/types\/attachment"}],"author":[{"embeddable":true,"href":"http:\/\/www.rosanerosiamonoi.it\/palermocalcio\/wp-json\/wp\/v2\/users\/2"}],"replies":[{"embeddable":true,"href":"http:\/\/www.rosanerosiamonoi.it\/palermocalcio\/wp-json\/wp\/v2\/comments?post=8095"}]}}

http://www.rosanerosiamonoi.it/palermocalcio/wp-content/uploads/2018/01/Mostra-Madè-2017-Natività.jpg

<p class="attachment"><a href='http://www.rosanerosiamonoi.it/palermocalcio/wp-content/uploads/2018/01/Mostra-Madè-2017-Natività.jpg'><img width="348" height="520" src="http://www.rosanerosiamonoi.it/palermocalcio/wp-content/uploads/2018/01/Mostra-Madè-2017-Natività-348x520.jpg" class="attachment-medium size-medium" alt="" decoding="async" loading="lazy" srcset="http://www.rosanerosiamonoi.it/palermocalcio/wp-content/uploads/2018/01/Mostra-Madè-2017-Natività-348x520.jpg 348w, http://www.rosanerosiamonoi.it/palermocalcio/wp-content/uploads/2018/01/Mostra-Madè-2017-Natività-686x1024.jpg 686w, http://www.rosanerosiamonoi.it/palermocalcio/wp-content/uploads/2018/01/Mostra-Madè-2017-Natività-300x448.jpg 300w, http://www.rosanerosiamonoi.it/palermocalcio/wp-content/uploads/2018/01/Mostra-Madè-2017-Natività.jpg 721w" sizes="(max-width: 348px) 100vw, 348px" /></a></p>

2018/01/Mostra-Madè-2017-Natività.jpg

Mostra-Madè-2017-Natività-150x150.jpg

http://www.rosanerosiamonoi.it/palermocalcio/wp-content/uploads/2018/01/Mostra-Madè-2017-Natività-150x150.jpg

Mostra-Madè-2017-Natività-348x520.jpg

http://www.rosanerosiamonoi.it/palermocalcio/wp-content/uploads/2018/01/Mostra-Madè-2017-Natività-348x520.jpg

Mostra-Madè-2017-Natività-686x1024.jpg

http://www.rosanerosiamonoi.it/palermocalcio/wp-content/uploads/2018/01/Mostra-Madè-2017-Natività-686x1024.jpg

Mostra-Madè-2017-Natività-100x100.jpg

http://www.rosanerosiamonoi.it/palermocalcio/wp-content/uploads/2018/01/Mostra-Madè-2017-Natività-100x100.jpg

Mostra-Madè-2017-Natività-200x200.jpg

http://www.rosanerosiamonoi.it/palermocalcio/wp-content/uploads/2018/01/Mostra-Madè-2017-Natività-200x200.jpg

Mostra-Madè-2017-Natività-150x100.jpg

http://www.rosanerosiamonoi.it/palermocalcio/wp-content/uploads/2018/01/Mostra-Madè-2017-Natività-150x100.jpg

Mostra-Madè-2017-Natività-200x133.jpg

http://www.rosanerosiamonoi.it/palermocalcio/wp-content/uploads/2018/01/Mostra-Madè-2017-Natività-200x133.jpg

Mostra-Madè-2017-Natività-250x166.jpg

http://www.rosanerosiamonoi.it/palermocalcio/wp-content/uploads/2018/01/Mostra-Madè-2017-Natività-250x166.jpg

Mostra-Madè-2017-Natività-50x50.jpg

http://www.rosanerosiamonoi.it/palermocalcio/wp-content/uploads/2018/01/Mostra-Madè-2017-Natività-50x50.jpg

Mostra-Madè-2017-Natività-300x448.jpg

http://www.rosanerosiamonoi.it/palermocalcio/wp-content/uploads/2018/01/Mostra-Madè-2017-Natività-300x448.jpg

Mostra-Madè-2017-Natività-144x144.jpg

http://www.rosanerosiamonoi.it/palermocalcio/wp-content/uploads/2018/01/Mostra-Madè-2017-Natività-144x144.jpg

Mostra-Madè-2017-Natività.jpg
